. What is the units digit of q?
1
Suppose 8*d - 3*d - 25 = 0. Suppose 2*x + 4 = 0, d*t - 3 = x - 1. What is the units digit of (8 - -2) + (t - 2)?
8
Let n = 125 - 88. What is the tens digit of n?
3
Suppose 0 = r + 7 - 14. Suppose 5 = 2*c - r. What is the units digit of c?
6
Let g(a) = a**2 - 6*a + 12. What is the hundreds digit of g(-17)?
4
Suppose 32 = -2*m + 8. What is the tens digit of ((-1)/1)/1 - m?
1
Let r(o) = 2*o + 8. Let b be r(8). Suppose -3*d + b = 2*i, 3*d + 0 = i + 33. What is the tens digit of d?
1
Let p(f) = 3*f - 31. What is the tens digit of p(20)?
2
What is the units digit of 3*(-24)/(-9)*1?
8
Let w be 26/(-8) - (-1)/4. Let a be 1/(-1*w/18). Let t(h) = -h**2 + 8*h - 7. What is the units digit of t(a)?
5
Let n = 6 - 5. Let g(p) = 5*p + 5*p - n - 4*p. What is the tens digit of g(2)?
1
Let o(w) = w**3 + 5*w**2 - w - 2. Let r be o(-5). Let a be 1*r*25/15. What is the units digit of 69/a - (-1)/5?
4
Suppose -17 = -4*t + 5*t. Let a = t + 31. What is the tens digit of a?
1
Let i(v) = v**2. Let m be i(0). Suppose -4*l + 6*l + q - 45 = m, l = 4*q + 27. What is the tens digit of l?
2
Let q(b) = b + 5. Let o be q(0). Suppose -o*u - 6 = -3*s + 6, -5*s + u + 20 = 0. Suppose -2*r = a - 1, -3*a + r = -s - 20. What is the units digit of a?
7
Let t(s) = s**3 - s + 1. Let f(h) = h**3 + 6*h**2 + 8*h - 8. Let i(j) = f(j) - 2*t(j). What is the tens digit of i(7)?
1
Suppose 882 = 2*z + 5*z. What is the hundreds digit of z?
1
Let w(c) = -c**3 + 10*c**2 + 13*c + 23. What is the units digit of w(11)?
5
Let t = 94 + -42. What is the tens digit of t?
5
Let u be 30/8*(-120)/(-18). Suppose 2*p - 7*p = -u. What is the units digit of p?
5
Suppose 0 = 4*q - 6*q - 3*w + 72, 3*w + 72 = 2*q. Suppose 0 = -3*x - 2*u + 26, 0 = 4*x - 2*u + 5*u - q. What is the units digit of x?
6
Suppose -4*i + 1 = -4*l + 17, -4*i - 5*l = 7. Suppose 0 = -2*u + u. What is the units digit of 1 - u - (i - -1)?
3
Let f = 60 + -28. Suppose 4*u + 0*u - 24 = -2*a, 5*u - f = -3*a. Suppose 2 + 2 = 2*s - 4*x, -u*s + x = -15. What is the units digit of s?
4
Suppose 0 = 18*n - 20*n + 414. What is the hundreds digit of n?
2
Suppose 0 = 2*w + 5*u - 11, 0*w = 2*w + 2*u - 8. Suppose 3*a - 27 = -6*y + y, 5*a - w*y = 11. What is the units digit of a?
4
Let b(t) = -t**2 + t - 8. Let f be b(0). Let v = f + 12. What is the units digit of v?
4
Let z(l) = 8*l - 3. Suppose -2*x + 3*a = 3*x - 35, -5*a + 35 = 5*x. What is the tens digit of z(x)?
5
Let p(c) = -c**3 + 10*c**2 - c + 13. Let x be p(10). Let h = -2 + 2. Suppose h = -3*i + x*t + 9, -4*i + 9 = -5*t + 2. What is the units digit of i?
8
Let u(j) = j**2 - j + 3. Let n be u(3). Let x = n - -14. What is the tens digit of x?
2
Let o(x) = 15 - 3*x - 13 + 12*x. Let r(m) = 4*m + 1. Let q(w) = -3*o(w) + 7*r(w). What is the units digit of q(4)?
5
Suppose -750 = c - 7*c. What is the hundreds digit of c?
1
Suppose 3*h - 4*m - 4 = 0, -2*h + 6 - 1 = -5*m. Let v(w) = w**3 - w**2 + 12. What is the tens digit of v(h)?
1
Suppose 2*s + 2*y = -3*y + 61, -s = 4*y - 29. What is the units digit of s?
3
Let s(o) = -o + 2. Let q be s(-5). Let v = 0 + q. What is the units digit of v?
7
Suppose -2*f = -s - 11, 0 = -4*f - 0*f + 12. Let d(j) = -j**3 - 2*j**2 + 5*j - 3. What is the units digit of d(s)?
7
Suppose 5*b = 4*b - 1, l + 3*b = 30. What is the units digit of l?
3
Suppose -4 + 0 = 4*p. Let m be (-1 - 2 - p) + 7. Suppose -49 = -3*b - z, 0 = -4*b - b - m*z + 95. What is the units digit of b?
5
Suppose -k - 1 = -0. Let y(b) = -2*b - 6. Let j be y(-4). Let a = j + k. What is the units digit of a?
1
Let v be (-4)/(-6)*(-3 + 0). Let j = v - -14. What is the tens digit of j?
1
Let l(g) = -17*g - 3. Let y(a) = -8*a - 2. Let f(r) = -3*l(r) + 7*y(r). What is the tens digit of f(-4)?
1
Let p(f) be the third derivative of -f**5/60 + 13*f**4/24 - 7*f**3/3 + 2*f**2. What is the units digit of p(11)?
8
Let z = 12 + -14. Let g(n) be the second derivative of -n**5/10 + n**4/12 - n**2/2 - n. What is the units digit of g(z)?
9
Let n(y) = -9*y - 6. Let i be n(-4). Suppose j + j - i = 0. What is the units digit of j?
5
Suppose 5*g = -3*y + 305, y - 3*g - 345 = -2*y. What is the units digit of y?
0
Let m(x) = x**3 + 14*x**2 - 10*x. What is the units digit of m(-13)?
9
Suppose 3*x = -l - 0*l - 92, 5*x - 4*l = -159. Let m = x - -44. Let b = 21 - m. What is the units digit of b?
8
Suppose -20 = 5*z - 70. Suppose -p = -z + 5. What is the units digit of p?
5
Suppose -o + 85 = 4*o. Let r = o - -24. What is the tens digit of r?
4
Let l = -545 - -788. What is the units digit of l?
3
Suppose -11 - 1 = -2*m. What is the tens digit of 23/(-1 - m/(-4))?
4
What is the units digit of ((-10)/7)/((-2)/140)?
0
Suppose b - 14 = 30. What is the units digit of b?
4
Let v be (-1 + 93/6)*24. What is the units digit of v/18 - 4/(-6)?
0
Let k = 475 + -264. What is the hundreds digit of k?
2
Suppose -4*w + 9*w = 145. What is the units digit of w?
9
Suppose -q + 102 = 2*r - 124, 5*r - 4*q = 539. What is the tens digit of r?
1
Suppose 4*n = -2*k - 18, 5*n + k + 8 = -10. Let x be (20 - (2 + n))*-1. Let p = 35 + x. What is the units digit of p?
4
What is the tens digit of -5*7/(-140) + (-190)/(-8)?
2
Let t(j) = -j + 5. Let u(v) be the third derivative of v**6/120 - v**5/10 - 7*v**4/24 + 2*v**3/3 - 2*v**2. Let f be u(7). What is the units digit of t(f)?
1
Suppose 4*a + d = 22, 0 = -3*a + d + 12 + 1. Suppose -a*j + 3*j + 22 = 0. What is the tens digit of j?
1
Suppose -2*z - 2*d + 301 = 3*z, -4*z = 5*d - 234. What is the units digit of z?
1
Suppose 5*g + 4*j = 573, 0*g + 5*j - 462 = -4*g. What is the tens digit of g?
1
Suppose 0 = 5*i - 194 - 341. What is the hundreds digit of i?
1
Let x(i) = -4*i - 1. Let l be x(-2). Suppose 0 = 3*k - l + 1. Suppose -b - 8 = 3*p, -3*b - b + 10 = -k*p. What is the units digit of b?
1
Let w be 2/2 - (-1)/1. Let o = -2 - -2. Suppose -w*c + 2*z = o, -c - 28 = -4*c - 4*z. What is the units digit of c?
4
Suppose -3*r - 3*h = -3, 0 = -r - 0*r + 3*h - 3. Suppose 2*v - v - 6 = r. What is the units digit of v?
6
Let o = -25 - -42. Suppose -28 = -3*u + o. What is the tens digit of u?
1
Let m(o) = o - 5. Let r be m(7). Suppose -5*l - 5*d + r*d = -112, 0 = -3*d - 3. What is the tens digit of l?
2
Let x = 21 + -14. Suppose -5*w + x*w - 46 = 0. What is the tens digit of w?
2
Let k(l) = 2*l**2 - 14*l - 7. Let u be k(5). Suppose 123 = f + 2*f. Let a = u + f. What is the tens digit of a?
1
Let j = -11 + 4. Let k = j + 8. What is the units digit of k?
1
Suppose -25 = -5*r - 4*o + 23, -o - 6 = -r. Suppose 0*s - 4*s = -r. What is the units digit of s?
2
Let w = -472 - -820. What is the hundreds digit of w?
3
Suppose 0*c = 5*c - 10. Suppose -m + c = -0. What is the units digit of m?
2
Let l be 2/(-2)*6/(-1). Let k = 7 - l. What is the units digit of k?
1
Suppose 0 = 4*v - 26 - 2. What is the units digit of v?
7
Let j = -7 - -11. Let c = -1 + j. Let v(o) = o**2 - o + 1. What is the units digit of v(c)?
7
Let q = -86 + 173. Suppose q - 19 = 4*g. What is the units digit of g?
7
Let v(n) = -3*n - 3. Let j be v(-2). Suppose j*o + 17 = 4*o. What is the tens digit of o?
1
Suppose f - 70 = 6*f. What is the tens digit of (30/(-7))/(2/f)?
3
Let l(k) = -k**3 + 14*k**2 + 17*k - 22. Let i be l(15). Let z = 4 + i. What is the units digit of z?
2
Suppose 5*v - 36 = 5*o - 6, -5*v = 10. What is the units digit of (-2)/8 + (-58)/o?
7
What is the units digit of (7 - 4)/(2/10)?
5
Suppose 2*h - 5*r - 7 = 0, -2*h - r + 1 = -0*r. Let u = 8 - 12. What is the units digit of (u + 3)*(0 - h)?
1
Suppose -g + 0*g = -2. Let b = g - -25. What is the units digit of b?
7
Suppose 5*l = 118 + 212. Suppose -9*w - l = -11*w. What is the tens digit of w?
3
Let a(t) = -t**2 - t. Let g(c) = -3*c**2 - 2*c - 4. Let y(m) = -4*a(m) + g(m). What is the units digit of y(3)?
1
Let y = -11 + 18. Let i(l) be the third derivative of l**4/12 - 4*l**3/3 + 3*l**2. What is the units digit of i(y)?
6
Suppose 6*a - 3*a + 30 = 0. Let l = a - -14. Suppose -d - d = -l. What is the units digit of d?
2
Let i(h) = 2*h + 1. Let o be i(-3). Let b = 6 + o. What is the units digit of b?
1
Let x(v) = 23*v - 1. Let z be x(-1). Let n = 49 + z. Suppose -3*s + n = -h - 4, -h = 4*s - 48. What is the units digit of s?
1
Let h(v) = 3*v**3 - 3*v**2 - 7*v - 15. Let z(o) = 4*o**3